 be 4/((-24)/u - (-8)/(-28)). List the prime factors of b/10 + (-228)/(-5).
3, 5
Let d(k) = 16*k - 20. Let f be d(7). Let c = f - -396. What are the prime factors of c?
2, 61
Let k(h) = -676*h - 12034. What are the prime factors of k(-22)?
2, 3, 11, 43
Suppose -2*z + 10*z = -4*w + 135312, -4*z - 4*w = -67672. List the prime factors of z.
2, 5, 19, 89
Let y(m) = m + 18. Let p be y(-18). Suppose 2*s - 294 - 178 = p. What are the prime factors of s?
2, 59
Let m be ((-1626)/(-15))/((-2)/10). Let s(i) = 800*i**3 - i**2 + 1. Let w be s(-1). Let q = m - w. List the prime factors of q.
2, 3, 43
Suppose -4*a + 33 = -115. Let g = 151 - 106. What are the prime factors of 2/9 - (-80)/g*a?
2, 3, 11
Let w = -32 - -42. Let d(a) = -w*a - 8 - 6*a - 23*a - 4*a. List the prime factors of d(-2).
2, 3, 13
Suppose -5*c + 5*b + 4135 = 970, -5*c + b + 3157 = 0. What are the prime factors of c?
631
Suppose -29 = -2*d + 249. List the prime factors of (-4)/((4/d)/(42/(-7))).
2, 3, 139
Let m(b) = -212*b**3 + 3*b**2 + 9*b + 24. Let x be m(-5). Suppose 2*h + x = 19*h. What are the prime factors of h?
2, 11, 71
Let i(s) = -s**2 - 66*s - 98. Let p be i(-32). Let h = p + -264. What are the prime factors of h?
2, 3, 11
Suppose -2*j = -0*o - 5*o - 5663, -5*o - 5667 = -3*j. Let d = -130 - o. What are the prime factors of d?
7, 11, 13
Suppose 5*p - q + 278 = 25, 3*p + 151 = q. Let i = -47 - p. List the prime factors of (1 - (-4)/(-3))*-282 + i.
2, 7
Let b = 110949 + -23417. What are the prime factors of b?
2, 79, 277
Let x(d) = -d**3 - d**2 + d + 9. Let c be x(0). Let j be (-100)/4*-6*16/96. Suppose c*z + 2*m - 370 = 5*z, 0 = -5*m - j. List the prime factors of z.
5, 19
Let i be 7/1 - (-13 + -9195). Suppose 8*t - i = -11*t. What are the prime factors of t?
5, 97
Suppose -t - 19*b + 9673 = -18*b, 4*b = 5*t - 48338. List the prime factors of t.
2, 5, 967
Suppose -4548 = x - 13*x. Let s = x - -716. What are the prime factors of s?
3, 5, 73
Let b(o) = 6*o**2 + 5*o - 3. Let j be b(-7). Let q be ((-6)/8)/((-8)/j). Suppose q = 6*u - 0*u. What are the prime factors of u?
2
Suppose 28*b - 14*b - 1008 = 0. Let w = 20 + b. List the prime factors of w.
2, 23
Let r = 50 - 103. Let m be -2 - -7 - 2*r. Let n = m + -89. List the prime factors of n.
2, 11
Let w(a) = -a**3 - a**2 + a + 3. Let v be w(0). Suppose -6*n + 63 = v*n. Suppose 0 = -n*f + 1729 - 616. List the prime factors of f.
3, 53
Let u be (16/(-14))/((-24)/84). Suppose -21*y - 4*f + 2358 = -19*y, -u*y + 4723 = f. What are the prime factors of y?
1181
What are the prime factors of 55*6/(-90)*-2049?
11, 683
Let g be 3/9*10*12/10. Suppose -377 = -a + 5*w, g = 5*w - 6. Let u = -266 + a. List the prime factors of u.
11
List the prime factors of (-4 - 3)*((-13547)/12 - (-57)/(-684)).
7, 1129
List the prime factors of (-244295667)/(-4392) + (-14)/16 + 1.
3, 18541
Let h = -90 - -950. List the prime factors of h.
2, 5, 43
Let l = 5715 - 4009. Suppose -l*q + 1700*q + 6408 = 0. What are the prime factors of q?
2, 3, 89
Suppose 0 = -33*o + 135*o - 604554. What are the prime factors of o?
5927
Let k = 1127 - 1091. What are the prime factors of k?
2, 3
Let b = 12 + -13. Let z be 4/b - 6/2. Let k(s) = -7*s + 23. What are the prime factors of k(z)?
2, 3
Let g = -22 - 961. Let j = -190 - g. List the prime factors of j.
13, 61
Let k(s) = 5 + 0 - s**3 + 15*s**2 + 16*s + 0*s. Let i be k(16). List the prime factors of 0 + 2 - 168/(i - 8).
2, 29
Let h = 702 + -1000. Let m be 1/(-2)*2 - 208. Let s = m - h. What are the prime factors of s?
89
Let g(i) = -i**3 - 9*i**2 + 5. Let n be g(-9). Suppose -n*w + 108 = -177. List the prime factors of 3*w*(-1)/(-3).
3, 19
Let y(r) = r**2 + r + 12. Suppose -4*s - 6*g = -3*g, 0 = -g. Let n be y(s). Suppose -2*z + n*z - 840 = 0. What are the prime factors of z?
2, 3, 7
Let n = 30 - 25. Suppose n*k - 439 = -3*w, 4*w + 3*k = 50 + 528. Let b = w - 43. What are the prime factors of b?
2, 5
Let h(u) = 10*u**2 + u - 2. Let d be h(1). Suppose z - d = -19. What are the prime factors of 756/14*z/(-4)?
3, 5
Let k(d) = 7*d**2 + 1. Let z be k(1). Suppose -z = x - 5*x. Suppose 4 = -4*w - 4*g + 16, -10 = -x*w - g. What are the prime factors of w?
7
Let x = 17 + -9. Let d(i) = i**2 + 2*i + 4. What are the prime factors of d(x)?
2, 3, 7
Let s be (342/133)/(3/28). List the prime factors of (-192)/(-18)*s + -4.
2, 3, 7
List the prime factors of (-39)/((-117)/2)*18099/1.
2, 3, 2011
Let h(b) = -16 + 90*b**2 - 2*b + 0*b + 4 - 62*b**2. List the prime factors of h(-3).
2, 3, 41
Suppose n - 2445 = 1236. What are the prime factors of n?
3, 409
Let o be 1/(-7) + (-17958)/(-21). Suppose 11*b + o = 16*b. What are the prime factors of b?
3, 19
Let s(b) = -b**3 + 43*b**2 - 122*b + 219. List the prime factors of s(39).
3, 5, 103
Let a(g) be the second derivative of g**3/2 + 17*g**2/2 - 9*g. Let b be a(0). Let q = b - -19. What are the prime factors of q?
2, 3
Let c(r) = 45*r - 143. Let v(h) = -132*h + 430. Let b(p) = -7*c(p) - 2*v(p). What are the prime factors of b(-11)?
2, 3, 13
Suppose -3*m - 14 = -2, 0 = u + 5*m - 4015. What are the prime factors of u?
3, 5, 269
Suppose 30 = 4*o + 4*u - 14, o + 9 = 4*u. Suppose -o = -g - 4. Suppose 2*j - j = w - 41, -3*j + 129 = g*w. What are the prime factors of w?
2, 3, 7
Suppose -s - 36 = -3*d + 3*s, -7 = d + 5*s. Suppose 27 = 4*c + 5*c. Suppose 400 = d*k - c*k. List the prime factors of k.
2, 5
Suppose -4 = 2*u - 8. Let z(g) = 35*g + 0*g**2 - 23*g + 0*g**2 + 22 + 2*g**u. What are the prime factors of z(-9)?
2, 19
Suppose 4*l - 104523 = -5*i, 10*l + 2*i = 6*l + 104502. List the prime factors of l.
2, 37, 353
Let w = -375 + -175. Let v = w + 946. Suppose 3*i - v - 225 = 0. List the prime factors of i.
3, 23
Let a(r) = 2*r**3 - 13*r**2 + 2*r + 11. Let x be a(9). Suppose 5*f = 106 + x. What are the prime factors of f?
2, 3
Let o = 277 + -273. Let j(i) = 11*i**2 + 8*i + 5. What are the prime factors of j(o)?
3, 71
Let p(v) = 512*v**2 - 27*v + 323. List the prime factors of p(10).
107, 479
Let g be (5*(-2)/(-25))/(10/50). What are the prime factors of (-193)/(g - -1 - (-63)/(-18))?
2, 193
Let i be (-3)/(-7) + 54/21 - 3. Suppose t + 11*r = 13*r + 1695, -t + 4*r + 1699 = i. What are the prime factors of t?
19, 89
Let l = -68 + 69. Let n(q) = -3 - l + 126*q**2 - 1 + 8 + 3*q. What are the prime factors of n(-1)?
2, 3, 7
List the prime factors of ((-30)/(-40))/(6/69664).
2, 7, 311
Suppose 77*h = 78*h + 5336. List the prime factors of h/(-6) + (-56)/168.
7, 127
What are the prime factors of 300/8*(-27712)/(-96)?
5, 433
Let n(q) = q**3 - 27*q**2 + 297*q + 44. What are the prime factors of n(16)?
2, 3, 5, 11
Let d(s) = 20212*s**2 + 675*s + 677. List the prime factors of d(-1).
2, 3, 1123
Let x(q) = q**2 - 11*q + 14. Let t = 1 + -12. Let j be x(t). Suppose 3*v - j = -52. What are the prime factors of v?
2, 17
Suppose 4*j - 4684 = 2*x, -x + 3513 = 3*j - 0*j. Suppose -j = -5*t + 1224. What are the prime factors of t?
479
Let f(l) be the first derivative of -l**4/24 + 107*l**3/3 - 15*l**2 - 12. Let s(b) be the second derivative of f(b). List the prime factors of s(0).
2, 107
Suppose 135*d - 279*d + 40846 = -131*d. List the prime factors of d.
2, 1571
Let s = -9907 + 14576. List the prime factors of s.
7, 23, 29
Suppose -84*f + 45927 = -63*f. What are the prime factors of f?
3
Let a = 146 - 143. Suppose -a*j + 846 = 3*c, 5*j = 4*j - 2*c + 286. What are the prime factors of j?
2, 139
Suppose -m - 3*q - 2 = 2, 14 = 4*m + 2*q. Suppose 0 = -2*k + 5 + m. What are the prime factors of (-4 + k)/(1/44)?
2, 11
Suppose -228 = 5*h - 2*v - 76, -5*v = h + 52. Let l be (h/(-10))/(1 + (-15)/25). What are the prime factors of (21/(-4) + l)/((-1)/(-44))?
11
Let y(h) = 7*h + 2125*h**2 + 2109*h**2 - 4221*h**2 - 13. Let q be 4/6*(0 + 3). List the prime factors of y(q).
53
Let q(o) = -o**3 + 184*o**2 + 189*o + 1615. What are the prime factors of q(185)?
3, 5, 157
Suppose 32*i + 78*i - 1864707 = -27*i. List the prime factors of i.
3, 13, 349
Suppose -17*l - 155316 = -103*l. What are the prime factors of l?
2, 3, 7, 43
Suppose -t - 2*h - 54 = 0, 0 = -3*t - 3*h + 5*h - 130. Let s = t - -49. What are the prime factors of s/(-15)*-1 + 398/10?
2, 5
Let s(l) = 35073*l - 688. List the prime factors of s(1).
5, 13, 23
List the prime factors of (-11)/((-1